 is the remainder when 21 is divided by q(1)?
10
What is the remainder when 11 is divided by (-8)/(-6) - (-85)/51?
2
Let j(f) = f**3 + 6*f**2 + f - 2. Calculate the remainder when j(-4) is divided by 9.
8
Let p(d) = 2 + 0 + 7*d - 2 - 5. What is the remainder when 26 is divided by p(2)?
8
Let t = -4 - -7. Calculate the remainder when 23 is divided by (4/3)/(t/27).
11
Let h be (-3)/(-9)*3/1. Let n(u) = -u**2 - u. Let a be n(h). What is the remainder when 2*((-24)/a + 1) is divided by 7?
5
Let l be 2*(16/4 - 0). Suppose -3*h + 26 - l = 0. Calculate the remainder when 11 is divided by h.
5
Let h = -7 - -12. Suppose 2*b + 7 = -p, p - 2*p - h = 0. What is the remainder when 15 is divided by 7 - -1 - 1 - b?
7
Let c(a) be the first derivative of -a**2/2 + 4*a - 4. Calculate the remainder when 15 is divided by c(-4).
7
Let q = 246 - 229. What is the remainder when q is divided by 6*(1 + (-2)/(-4))?
8
Suppose 0 = w + 3*w - 124. Calculate the remainder when w*2*(-4)/(-8) is divided by 17.
14
Let r(l) = -l**3 - 7*l**2 - 6*l + 2. Suppose 5*w - 6*v = -3*v - 30, 2*w = -3*v - 12. Calculate the remainder when 2 is divided by r(w).
0
Suppose -2*m = 2*w - 5*m - 130, -3*w + 3*m + 189 = 0. Calculate the remainder when w is divided by 20.
19
Suppose 3*x + x = 12. Suppose -x*c = 3*v - 6, -2*v = -c + 4 + 1. What is the remainder when 1 + 12 + c + -1 is divided by 8?
7
Let a be 18/(-2 - 1) + 3. Let o = 4 + a. What is the remainder when 6 is divided by 5/o*1 - 1?
2
Let o(l) = l**3 + 9*l**2 - 5*l - 2. Calculate the remainder when o(-9) is divided by 24.
19
Let p = 13 + 63. Calculate the remainder when p is divided by 13.
11
Let w(f) = 2*f - 7. Let c be w(5). Suppose c - 1 = p. Suppose -2*h = p*h - 48. What is the remainder when 22 is divided by h?
10
Suppose -4 = a, 0*a - a + 4 = 4*k. Suppose -k*p - 6 = p. What is the remainder when 21 is divided by (-2)/(p/9) + 2?
10
Suppose 3*c - 139 = 143. What is the remainder when c is divided by 12?
10
Let l(n) = -3*n - 9. What is the remainder when 11 is divided by l(-4)?
2
Suppose 2*y = y - 3. Let i(p) = 1 - 2*p - 4*p**2 + 1 - 3*p**3 + p**3. Calculate the remainder when i(y) is divided by 14.
12
Suppose 4*i + 37 = 5*k, 3*i - 7 + 1 = -3*k. Suppose 2*y - 7*y = -3*j - 88, 0 = -5*y - 2*j + 83. Calculate the remainder when y is divided by ((-2)/k)/(1/(-15)).
5
Let h = 73 - -37. Calculate the remainder when h is divided by 14.
12
Suppose 2*z = 5*g + 6, 5*z + 2*g + 25 = 69. Let o = 26 + z. What is the remainder when o is divided by 12?
10
Suppose 92 = 7*k - 5*k. Calculate the remainder when k is divided by 24.
22
Suppose 3*n + 10 = 5*n. Let u be (-2 + 2/n)*5. Let l(i) = -i + 6. What is the remainder when l(u) is divided by 8?
6
Suppose 3*n + 5*a - 528 = 0, -2*n + 0*n - 3*a + 352 = 0. Suppose 4 + n = 3*t. Suppose t + 5 = 5*m. What is the remainder when 37 is divided by m?
11
Let u = -10 - -18. Calculate the remainder when 96*(-4)/u*-1 is divided by 13.
9
Let k(z) = -7*z - 22. Calculate the remainder when k(-8) is divided by 20.
14
Suppose 2*s - 334 = -4*d, -d + 4*d - 267 = 4*s. What is the remainder when d is divided by 43?
42
Let j be 135/6*4/6. Let n = 32 - j. Calculate the remainder when 49 is divided by n.
15
Suppose 0 = -12*u + 15*u - 96. What is the remainder when u is divided by 18?
14
Suppose 4*n - 4 = 4*j, n - 2*n - 11 = -5*j. Suppose -2*l + 2*i + 4 = 0, -j*i = 4*l - 2*i - 8. Calculate the remainder when -1 + 3/(3/4) is divided by l.
1
Calculate the remainder when 112 is divided by 4*38/4*(-5)/(-10).
17
Let g = -93 + 177. Suppose -40 = -3*t - 2*a, -6*t + g = -2*t - 5*a. Calculate the remainder when 3/(-12) - (-378)/8 is divided by t.
15
Let l = -6 - -3. Let g = 13 - l. What is the remainder when 31 is divided by g?
15
Let d = 143 - 81. Calculate the remainder when d is divided by 17.
11
Let j(m) = -m**3 + 13*m**2 + m - 2. Calculate the remainder when 42 is divided by j(13).
9
Let a = 78 - 46. What is the remainder when a is divided by 7?
4
Suppose -f + m + m - 3 = 0, 7 = f + 3*m. Suppose 2*c + 15 = b, 3*b = -0*c + 2*c + 17. Calculate the remainder when f is divided by 4/(-10) - c/5.
0
Let i = 15 - 11. Suppose -o - 2*f + 3 = 0, 2*f + f = i*o - 67. Let j(m) = -4*m - 3. What is the remainder when j(-7) is divided by o?
12
Suppose 0 = -4*j + 3*s + 35, 19 = j - 2*s + 4. Suppose -5*u - 3*t + 40 = 0, j*u + t + t - 40 = 0. What is the remainder when 23 is divided by u?
7
Let c = 56 + -48. Calculate the remainder when 13 is divided by c.
5
Suppose -2*r + 5*d - 2 = -43, 5*r - 93 = 3*d. Calculate the remainder when 1104/21 - (-36)/(-63) is divided by r.
16
Suppose -3*b = -4*w - 56, -3*b = -3*w - 13 - 38. What is the remainder when (6/(-9))/((-2)/3) is divided by (-2)/(-12)*b/2?
0
Suppose -2*p - 2*p = -4*n + 84, -3*n = p - 51. What is the remainder when 52 is divided by n?
16
Let o(j) = -j**3 - 8*j**2 + 17*j + 12. What is the remainder when 165 is divided by o(-10)?
39
Let l(g) = 2*g**2 - 3*g - 13. What is the remainder when l(-5) is divided by 15?
7
Let g(w) = -w**3 + 6*w**2 + w - 1. Calculate the remainder when g(6) is divided by 4.
1
Suppose 115 = 5*k - 35. What is the remainder when (-312)/(-5) - 6 - 6/(-10) is divided by k?
27
Let z = 11 + -2. Let j = z + -15. What is the remainder when 16 is divided by (-3)/j + (-34)/(-4)?
7
Suppose 5*w + x = 123, -w + 15 = -0*w - 3*x. What is the remainder when w is divided by 3?
0
Let w(m) = 14*m. Let f be w(-1). What is the remainder when 19 - ((-1)/(-1) - 0) is divided by 88/9 + f/(-63)?
8
Let q(p) = p**2 - 16*p + 8. Calculate the remainder when q(17) is divided by 15.
10
Suppose -23 = -4*w + r, -4*w + r - 3*r = -14. Suppose -4*a = -s - 8*a - 10, -2*a = 3*s - 10. What is the remainder when w is divided by (-24)/(-10) - s/15?
1
Let a(p) = 2*p + p**3 - 4 + 0*p**2 + p**2 + 0 + 2. Calculate the remainder when a(2) is divided by 8.
6
Suppose -5*t + 110 = 30. What is the remainder when 27 is divided by t?
11
Let t(p) = 5*p**2 + 4. What is the remainder when t(-3) is divided by 26?
23
Let k(y) = -3*y**2 - 9*y - 1. Calculate the remainder when 9 is divided by k(-2).
4
Let k(n) = 2*n**2 - 9*n + 7. Suppose 20 = 3*y - q, 0 = -3*q + 1 + 2. Let f(z) = 4*z + 2. What is the remainder when k(y) is divided by f(5)?
20
Suppose -4*y = 2*k + 2*k - 8, 3*k = 5*y + 22. Suppose 15 = k*a - 3*a. What is the remainder when 27 is divided by a?
12
Calculate the remainder when (42 - 3) + (11 - 7) is divided by 9.
7
Let b = 1 - 1. Suppose -3*m + 1 + 2 = b, -n = -3*m - 17. Let j = 7 + n. What is the remainder when j is divided by 14?
13
Let g(t) be the second derivative of t**4/12 + 13*t**2 + 2*t. What is the remainder when g(0) is divided by 9?
8
Suppose -y = -6*j + 2*j + 16, 4*j - 8 = 3*y. Calculate the remainder when 11 is divided by y.
3
Suppose 0 = 5*k + 8 - 33. Suppose 0*n = k*n - 15. Calculate the remainder when n is divided by ((-2)/(-2))/(2/4).
1
Let c(k) = -9*k + 75. Calculate the remainder when 6 is divided by c(8).
0
Let x = 3 + -2. Suppose 0 = 4*m - 3*m - 13. What is the remainder when m is divided by (x - 1) + 56/8?
6
Suppose 38 = m - 5*j, 5*j - 90 - 12 = -4*m. What is the remainder when 4 is divided by 23/7 - 8/m?
1
Let g(p) = 2*p**2. Let y(n) = n**2 - 1. Let j(u) = g(u) - y(u). What is the remainder when 19 is divided by j(3)?
9
Let o = 19 + -7. Calculate the remainder when (6/(-9))/((-2)/138) is divided by o.
10
Calculate the remainder when 47 is divided by 1 - ((5 - 4) + -6).
5
Let r = 21 + -7. Let j(z) = 8*z**2 - 2*z - 2. Calculate the remainder when j(2) is divided by r.
12
Let z(x) be the second derivative of 19*x**4/4 - x**3/6 + x**2/2 - 8*x. Calculate the remainder when z(-1) is divided by 15.
14
Suppose 4*z = z + m + 94, 25 = 5*m. Calculate the remainder when 64 is divided by z.
31
Suppose -m - 87 = -4*s, 0 = 5*s - 0*m + 3*m - 113. Suppose 0 + 9 = -z. What is the remainder when s is divided by 4/((z/(-6))/3)?
6
Suppose -3*l + 208 = l - y, 4*l - 5*y = 224. Let m = -3 - -5. Suppose 3*x - 3*v + 90 = 6*x, x - m*v = 18. What is the remainder when l is divided by x?
25
Suppose 5*r - 68 = r. Suppose -3*b = 2*b. Suppose -5*q + 4*k + 10 = 0, b*q - 4*k + 26 = q. Calculate the remainder when r is divided by q.
5
Suppose -2*h = 2 - 30. Calculate the remainder when 55 is divided by h.
13
Suppose -f = 4*h - 37, 2